{"id":6,"date":"2024-10-11T15:52:34","date_gmt":"2024-10-11T13:52:34","guid":{"rendered":"http:\/\/dev.joinme.se\/?page_id=6"},"modified":"2025-11-28T15:55:37","modified_gmt":"2025-11-28T14:55:37","slug":"hem","status":"publish","type":"page","link":"https:\/\/joinme.se\/","title":{"rendered":""},"content":{"rendered":"\n<div class=\"wp-block-cover alignfull is-light\" style=\"padding-top:0;padding-bottom:0;box-shadow:var(--wp--preset--shadow--natural);min-height:80vh;aspect-ratio:unset;\" id=\"hem\"><video class=\"wp-block-cover__video-background intrinsic-ignore\" autoplay muted loop playsinline src=\"https:\/\/joinme.se\/wp-content\/uploads\/2025\/01\/Soltak-Film-\u2013-Gjord-med-Clipchamp.mp4\" data-object-fit=\"cover\"><\/video><span aria-hidden=\"true\" class=\"wp-block-cover__background has-background-dim wp-block-cover__gradient-background has-background-gradient\" style=\"background:linear-gradient(270deg,rgb(0,0,0) 0%,rgba(255,255,255,0.17) 49%,rgb(0,0,0) 100%)\"><\/span><div class=\"wp-block-cover__inner-container has-global-padding is-layout-constrained wp-container-core-cover-is-layout-1ed8f288 wp-block-cover-is-layout-constrained\">\n<div class=\"wp-block-group alignfull is-layout-flow wp-block-group-is-layout-flow\">\n<div class=\"wp-block-columns is-layout-flex wp-container-core-columns-is-layout-743f5ab0 wp-block-columns-is-layout-flex\" style=\"padding-right:15%;padding-left:15%;font-size:0px\">\n<div class=\"wp-block-column has-small-font-size is-layout-flow wp-block-column-is-layout-flow\" style=\"padding-right:0;padding-left:0;flex-basis:50%\">\n<p class=\"has-text-align-left has-text-color has-link-color wp-elements-ab17e0cf59467bcc8cbecfcbb7abf0a2\" style=\"color:#ffffff;font-size:2vh\">Tveka inte att kontakta oss om ni \u00e4r intresserade av lokal f\u00f6r lager, verkstad, kontor m.m. med bra l\u00e4ge p\u00e5 nyby industriomr\u00e5de i Laholm.<\/p>\n\n\n\n<p class=\"has-text-align-left has-text-color has-link-color wp-elements-6d01077374f9bf47ce39a0037816f8b9\" style=\"color:#ffffff;font-size:2vh\">JOINME AB har 20140515 f\u00f6rv\u00e4rvat <a href=\"http:\/\/ihotell.se\" target=\"_blank\" rel=\"noreferrer noopener\">Laholms Industrihotell AB<\/a> Som ligger p\u00e5 samma gata Kullsg\u00e5rdsv\u00e4gen 20.<\/p>\n<\/div>\n\n\n\n<div class=\"wp-block-column is-layout-flow wp-block-column-is-layout-flow\" style=\"flex-basis:50%\"><\/div>\n<\/div>\n<\/div>\n<\/div><\/div>\n\n\n\n<div class=\"wp-block-columns alignfull has-text-color has-link-color wp-elements-11196d020782fcef8033e0cc5ce9abc0 is-layout-flex wp-container-core-columns-is-layout-32eab338 wp-block-columns-is-layout-flex\" style=\"color:#000000;margin-top:1%;margin-bottom:1%;padding-top:0%;padding-right:20%;padding-bottom:0;padding-left:20%\">\n<div class=\"wp-block-column is-vertically-aligned-center has-background is-layout-flow wp-block-column-is-layout-flow\" style=\"border-style:none;border-width:0px;border-top-left-radius:10px;border-top-right-radius:10px;border-bottom-left-radius:10px;border-bottom-right-radius:10px;background-color:#fefefe;padding-top:3%;padding-bottom:3%;box-shadow:var(--wp--preset--shadow--natural)\">\n<div class=\"wp-block-buttons is-content-justification-center is-nowrap is-layout-flex wp-container-core-buttons-is-layout-24c4bfce wp-block-buttons-is-layout-flex\" style=\"margin-top:0;margin-bottom:0;padding-top:0;padding-right:0px;padding-bottom:0;padding-left:0px\">\n<div class=\"wp-block-button has-custom-width wp-block-button__width-75\"><a class=\"wp-block-button__link has-custom-font-size wp-element-button\" href=\"#lediga-lokaler\" style=\"border-style:none;border-width:0px;border-radius:10px;padding-right:0;padding-left:0;box-shadow:var(--wp--preset--shadow--natural);font-size:1.3vh\">Fastighetsf\u00f6rvaltning <br>Kontor &amp; Lager<\/a><\/div>\n<\/div>\n\n\n\n<figure class=\"wp-block-image size-full has-custom-border\" style=\"margin-top:7%;margin-right:10%;margin-bottom:7%;margin-left:10%\"><img loading=\"lazy\" decoding=\"async\" width=\"2560\" height=\"2560\" src=\"https:\/\/joinme.se\/wp-content\/uploads\/2025\/01\/451e08b0-b89f-4b2d-bda0-83c63e4be79d-edited-scaled.jpg\" alt=\"\" class=\"wp-image-122\" style=\"border-radius:10px;box-shadow:var(--wp--preset--shadow--natural)\" srcset=\"https:\/\/joinme.se\/wp-content\/uploads\/2025\/01\/451e08b0-b89f-4b2d-bda0-83c63e4be79d-edited-scaled.jpg 2560w, https:\/\/joinme.se\/wp-content\/uploads\/2025\/01\/451e08b0-b89f-4b2d-bda0-83c63e4be79d-edited-300x300.jpg 300w, https:\/\/joinme.se\/wp-content\/uploads\/2025\/01\/451e08b0-b89f-4b2d-bda0-83c63e4be79d-edited-1024x1024.jpg 1024w, https:\/\/joinme.se\/wp-content\/uploads\/2025\/01\/451e08b0-b89f-4b2d-bda0-83c63e4be79d-edited-150x150.jpg 150w, https:\/\/joinme.se\/wp-content\/uploads\/2025\/01\/451e08b0-b89f-4b2d-bda0-83c63e4be79d-edited-768x768.jpg 768w, https:\/\/joinme.se\/wp-content\/uploads\/2025\/01\/451e08b0-b89f-4b2d-bda0-83c63e4be79d-edited-1536x1536.jpg 1536w, https:\/\/joinme.se\/wp-content\/uploads\/2025\/01\/451e08b0-b89f-4b2d-bda0-83c63e4be79d-edited-2048x2048.jpg 2048w\" sizes=\"auto, (max-width: 2560px) 100vw, 2560px\" \/><\/figure>\n<\/div>\n\n\n\n<div class=\"wp-block-column is-vertically-aligned-center has-background is-layout-flow wp-block-column-is-layout-flow\" style=\"border-style:none;border-width:0px;border-top-left-radius:10px;border-top-right-radius:10px;border-bottom-left-radius:10px;border-bottom-right-radius:10px;background-color:#ffffff;padding-top:3%;padding-bottom:3%;box-shadow:var(--wp--preset--shadow--natural)\">\n<div class=\"wp-block-buttons is-content-justification-center is-nowrap is-layout-flex wp-container-core-buttons-is-layout-95a8f4e0 wp-block-buttons-is-layout-flex\" style=\"padding-right:0px;padding-left:0px\">\n<div class=\"wp-block-button has-custom-width wp-block-button__width-75\"><a class=\"wp-block-button__link has-custom-font-size wp-element-button\" href=\"https:\/\/www.aircon.panasonic.eu\/SE_sv\/\" style=\"border-style:none;border-width:0px;border-radius:10px;padding-right:0;padding-left:0;box-shadow:var(--wp--preset--shadow--natural);font-size:1.3vh\" target=\"_blank\" rel=\"noreferrer noopener\">Panasonic<br>v\u00e4rmepumpar<\/a><\/div>\n<\/div>\n\n\n\n<figure class=\"wp-block-image size-full has-custom-border\" style=\"margin-top:7%;margin-right:10%;margin-bottom:7%;margin-left:10%\"><img loading=\"lazy\" decoding=\"async\" width=\"599\" height=\"599\" src=\"https:\/\/joinme.se\/wp-content\/uploads\/2025\/01\/LIH-Varmepump-edited.png\" alt=\"\" class=\"wp-image-121\" style=\"border-radius:10px;box-shadow:var(--wp--preset--shadow--natural)\" srcset=\"https:\/\/joinme.se\/wp-content\/uploads\/2025\/01\/LIH-Varmepump-edited.png 599w, https:\/\/joinme.se\/wp-content\/uploads\/2025\/01\/LIH-Varmepump-edited-300x300.png 300w, https:\/\/joinme.se\/wp-content\/uploads\/2025\/01\/LIH-Varmepump-edited-150x150.png 150w\" sizes=\"auto, (max-width: 599px) 100vw, 599px\" \/><\/figure>\n<\/div>\n\n\n\n<div class=\"wp-block-column is-vertically-aligned-center has-background is-layout-flow wp-block-column-is-layout-flow\" style=\"border-style:none;border-width:0px;border-top-left-radius:10px;border-top-right-radius:10px;border-bottom-left-radius:10px;border-bottom-right-radius:10px;background-color:#ffffff;padding-top:3%;padding-bottom:3%;box-shadow:var(--wp--preset--shadow--natural)\">\n<div class=\"wp-block-buttons is-content-justification-center is-nowrap is-layout-flex wp-container-core-buttons-is-layout-95a8f4e0 wp-block-buttons-is-layout-flex\" style=\"padding-right:0px;padding-left:0px\">\n<div class=\"wp-block-button has-custom-width wp-block-button__width-75\"><a class=\"wp-block-button__link has-custom-font-size wp-element-button\" href=\"https:\/\/www.sellpower.se\/\" style=\"border-style:none;border-width:0px;border-radius:10px;padding-right:0;padding-left:0;box-shadow:var(--wp--preset--shadow--natural);font-size:1.3vh\" target=\"_blank\" rel=\"noreferrer noopener\">Solpaneler<br>&amp; Energilagring<\/a><\/div>\n<\/div>\n\n\n\n<figure class=\"wp-block-image size-large has-custom-border\" style=\"margin-top:7%;margin-right:10%;margin-bottom:7%;margin-left:10%\"><img loading=\"lazy\" decoding=\"async\" width=\"800\" height=\"800\" src=\"https:\/\/joinme.se\/wp-content\/uploads\/2025\/01\/solitek-nova-1-edited.jpg\" alt=\"\" class=\"wp-image-126\" style=\"border-radius:10px;box-shadow:var(--wp--preset--shadow--natural)\" srcset=\"https:\/\/joinme.se\/wp-content\/uploads\/2025\/01\/solitek-nova-1-edited.jpg 800w, https:\/\/joinme.se\/wp-content\/uploads\/2025\/01\/solitek-nova-1-edited-300x300.jpg 300w, https:\/\/joinme.se\/wp-content\/uploads\/2025\/01\/solitek-nova-1-edited-150x150.jpg 150w, https:\/\/joinme.se\/wp-content\/uploads\/2025\/01\/solitek-nova-1-edited-768x768.jpg 768w\" sizes=\"auto, (max-width: 800px) 100vw, 800px\" \/><\/figure>\n<\/div>\n<\/div>\n\n\n\n<h2 class=\"wp-block-heading\" style=\"padding-top:8%;padding-bottom:5%\">Fastighetsf\u00f6rvaltning<\/h2>\n\n\n\n<p><\/p>\n\n\n\n<p>Tveka inte att kontakta mig om oss \u00e4r intresserade av lokal f\u00f6r lager, verkstad, kontor m.m. med bra l\u00e4ge p\u00e5 nyby industriomr\u00e5de i Laholm.<\/p>\n\n\n\n<p class=\"has-text-color has-link-color wp-elements-d52e1e85fdc4bfd1386daa0596aa785c\" style=\"color:#000000\">JOINME AB har 20140515 f\u00f6rv\u00e4rvat <a href=\"http:\/\/ihotell.se\" target=\"_blank\" rel=\"noreferrer noopener\">Laholms Industrihotell AB<\/a> Som ligger p\u00e5 samma gata, Kullsg\u00e5rdsv\u00e4gen 20.<\/p>\n\n\n\n<hr class=\"wp-block-separator has-alpha-channel-opacity\" style=\"margin-top:var(--wp--preset--spacing--40);margin-bottom:var(--wp--preset--spacing--40)\"\/>\n\n\n\n<div class=\"wp-block-cover alignfull has-parallax\" style=\"min-height:60vh;aspect-ratio:unset;\"><div class=\"wp-block-cover__image-background wp-image-207 has-parallax\" style=\"background-position:50% 50%;background-image:url(https:\/\/joinme.se\/wp-content\/uploads\/2025\/01\/Logga-CNC.png)\"><\/div><span aria-hidden=\"true\" class=\"wp-block-cover__background has-background-dim-0 has-background-dim\" style=\"background-color:#737578\"><\/span><div class=\"wp-block-cover__inner-container is-layout-flow wp-block-cover-is-layout-flow\">\n<p class=\"has-text-align-center has-large-font-size\" id=\"om-oss\"><\/p>\n<\/div><\/div>\n\n\n\n<hr class=\"wp-block-separator has-alpha-channel-opacity\" style=\"margin-top:var(--wp--preset--spacing--40);margin-bottom:var(--wp--preset--spacing--40)\"\/>\n\n\n\n<h2 class=\"wp-block-heading\">Om oss<\/h2>\n\n\n\n<p><\/p>\n\n\n\n<p>Jag Jonas Ottosson startade JOINME n\u00e4r jag s\u00e5lde lackeringsdelen i Lack Service Laholm AB Februari 2007. F\u00f6retaget har f\u00f6r avsikt att hj\u00e4lpa b\u00e5t\u00e4gare med vinterf\u00f6rvaring, underh\u00e5ll, service, byte och montering av utrustning. Vi tar s\u00e5ledes \u00f6ver f\u00f6rs\u00e4ljningen av bl.a. VETUS marindislar med tillbeh\u00f6r, RAYMARIN instrument, TK trailern m.m. (som Lack Service hade tidigare). Min familj har sedan ett antal \u00e5rtionde tillbaka alltid haft b\u00e5tliv som st\u00f6rsta hobby och intresse, jag har d\u00e4rmed skaffat mej en gedigen erfarenhet som jag g\u00e4rna f\u00f6rmedlar vidare. F\u00f6retaget f\u00f6rvaltar ocks\u00e5 tv\u00e5 industrifastigheter p\u00e5 Nyby industriomr\u00e5de om totalt ca 7000m2<\/p>\n\n\n\n<hr class=\"wp-block-separator has-alpha-channel-opacity\" style=\"margin-top:var(--wp--preset--spacing--40);margin-bottom:var(--wp--preset--spacing--40)\"\/>\n\n\n\n<div class=\"wp-block-cover alignfull has-parallax\" style=\"min-height:60vh;aspect-ratio:unset;\"><div class=\"wp-block-cover__image-background wp-image-10 has-parallax\" style=\"background-position:50% 50%;background-image:url(https:\/\/joinme.se\/wp-content\/uploads\/2024\/10\/logga2-ditec.png)\"><\/div><span aria-hidden=\"true\" class=\"wp-block-cover__background has-background-dim-0 has-background-dim\" style=\"background-color:#3e3533\"><\/span><div class=\"wp-block-cover__inner-container has-global-padding is-layout-constrained wp-block-cover-is-layout-constrained\">\n<p class=\"has-text-align-center has-large-font-size\" id=\"lediga-lokaler\"><\/p>\n<\/div><\/div>\n\n\n\n<h2 class=\"wp-block-heading alignfull has-text-align-center\" style=\"padding-top:4%;padding-bottom:4%\"><strong>Lediga lokaler<\/strong><\/h2>\n\n\n\n<div class=\"wp-block-columns alignwide is-layout-flex wp-container-core-columns-is-layout-602e480a wp-block-columns-is-layout-flex\" style=\"padding-right:5%;padding-left:5%\">\n<div class=\"wp-block-column subject-block is-layout-flow wp-block-column-is-layout-flow\" style=\"border-radius:10px;padding-top:3%;padding-right:3%;padding-bottom:3%;padding-left:3%;box-shadow:var(--wp--preset--shadow--deep);flex-basis:50%\">\n<div class=\"wp-block-cb-carousel cb-single-slide\" data-slick=\"{&quot;slidesToShow&quot;:1,&quot;slidesToScroll&quot;:1,&quot;speed&quot;:300,&quot;arrows&quot;:true,&quot;dots&quot;:true,&quot;autoplay&quot;:false,&quot;autoplaySpeed&quot;:3000,&quot;infinite&quot;:false,&quot;responsive&quot;:[{&quot;breakpoint&quot;:501,&quot;settings&quot;:{&quot;slidesToShow&quot;:1,&quot;slidesToScroll&quot;:1}}]}\">\n<div class=\"wp-block-cb-slide\">\n<figure class=\"wp-block-image alignleft size-full is-resized is-style-rounded is-style-rounded--1\"><img loading=\"lazy\" decoding=\"async\" width=\"4032\" height=\"3024\" src=\"https:\/\/joinme.se\/wp-content\/uploads\/2024\/10\/451e08b0-b89f-4b2d-bda0-83c63e4be79d.jpg\" alt=\"\" class=\"wp-image-39\" style=\"box-shadow:none;object-fit:cover;width:524px;height:auto\"\/><\/figure>\n<\/div>\n\n\n\n<div class=\"wp-block-cb-slide\">\n<figure class=\"wp-block-image size-full is-style-rounded is-style-rounded--2\"><img loading=\"lazy\" decoding=\"async\" width=\"1085\" height=\"639\" src=\"https:\/\/joinme.se\/wp-content\/uploads\/2024\/10\/d7ca64c8-6c15-428a-b4aa-be49371f41b8.png\" alt=\"\" class=\"wp-image-21\" style=\"aspect-ratio:4\/3;object-fit:cover\"\/><\/figure>\n<\/div>\n\n\n\n<div class=\"wp-block-cb-slide\">\n<figure class=\"wp-block-image size-full is-style-rounded is-style-rounded--3\"><img loading=\"lazy\" decoding=\"async\" width=\"3024\" height=\"4032\" src=\"https:\/\/joinme.se\/wp-content\/uploads\/2024\/10\/9146dcd0-c3f6-4ef9-8466-cd0d2616f371.jpg\" alt=\"\" class=\"wp-image-44\" style=\"aspect-ratio:4\/3;object-fit:cover\"\/><\/figure>\n<\/div>\n\n\n\n<div class=\"wp-block-cb-slide\">\n<figure class=\"wp-block-image size-full is-style-rounded is-style-rounded--4\"><img loading=\"lazy\" decoding=\"async\" width=\"3024\" height=\"4032\" src=\"https:\/\/joinme.se\/wp-content\/uploads\/2024\/10\/73641336-93b0-41de-b262-ef02b4368008.jpg\" alt=\"\" class=\"wp-image-26\" style=\"aspect-ratio:4\/3;object-fit:cover\"\/><\/figure>\n<\/div>\n\n\n\n<div class=\"wp-block-cb-slide\">\n<figure class=\"wp-block-image size-full is-style-rounded is-style-rounded--5\"><img loading=\"lazy\" decoding=\"async\" width=\"750\" height=\"1000\" src=\"https:\/\/joinme.se\/wp-content\/uploads\/2024\/10\/photo-2022-04-22-10-39-05.jpg\" alt=\"\" class=\"wp-image-51\" style=\"aspect-ratio:4\/3;object-fit:cover\"\/><\/figure>\n<\/div>\n\n\n\n<div class=\"wp-block-cb-slide\">\n<figure class=\"wp-block-image size-full is-style-rounded is-style-rounded--6\" style=\"margin-right:0;margin-left:0\"><img loading=\"lazy\" decoding=\"async\" width=\"750\" height=\"1000\" src=\"https:\/\/joinme.se\/wp-content\/uploads\/2024\/10\/photo-2022-04-22-10-39-55.jpg\" alt=\"\" class=\"wp-image-52\" style=\"aspect-ratio:4\/3;object-fit:cover\"\/><\/figure>\n<\/div>\n\n\n\n<div class=\"wp-block-cb-slide\">\n<figure class=\"wp-block-image size-full is-style-rounded is-style-rounded--7\"><img loading=\"lazy\" decoding=\"async\" width=\"750\" height=\"1000\" src=\"https:\/\/joinme.se\/wp-content\/uploads\/2024\/10\/photo-2022-04-22-10-40-10.jpg\" alt=\"\" class=\"wp-image-53\" style=\"aspect-ratio:4\/3;object-fit:cover\"\/><\/figure>\n<\/div>\n\n\n\n<div class=\"wp-block-cb-slide\">\n<figure class=\"wp-block-image size-full is-style-rounded is-style-rounded--8\"><img loading=\"lazy\" decoding=\"async\" width=\"750\" height=\"1000\" src=\"https:\/\/joinme.se\/wp-content\/uploads\/2024\/10\/photo-2022-04-22-10-40-40.jpg\" alt=\"\" class=\"wp-image-54\" style=\"aspect-ratio:4\/3;object-fit:cover\"\/><\/figure>\n<\/div>\n\n\n\n<div class=\"wp-block-cb-slide\">\n<figure class=\"wp-block-image size-full is-style-rounded is-style-rounded--9\"><img loading=\"lazy\" decoding=\"async\" width=\"750\" height=\"1000\" src=\"https:\/\/joinme.se\/wp-content\/uploads\/2024\/10\/photo-2022-04-22-10-43-09.jpg\" alt=\"\" class=\"wp-image-55\" style=\"aspect-ratio:4\/3;object-fit:cover\"\/><\/figure>\n<\/div>\n\n\n\n<div class=\"wp-block-cb-slide\">\n<figure class=\"wp-block-image size-full is-style-rounded is-style-rounded--10\"><img loading=\"lazy\" decoding=\"async\" width=\"750\" height=\"1000\" src=\"https:\/\/joinme.se\/wp-content\/uploads\/2024\/10\/photo-2022-04-22-10-43-26.jpg\" alt=\"\" class=\"wp-image-50\" style=\"aspect-ratio:4\/3;object-fit:cover\"\/><\/figure>\n<\/div>\n<\/div>\n\n\n\n<ul class=\"wp-block-list\">\n<li><strong>Kontor<\/strong><\/li>\n\n\n\n<li>170m<sup>2<\/sup><\/li>\n\n\n\n<li>2st Kontor<\/li>\n\n\n\n<li>Lagerutrymme<\/li>\n\n\n\n<li>Fiber<\/li>\n\n\n\n<li>Toalett<\/li>\n<\/ul>\n<\/div>\n\n\n\n<div class=\"wp-block-column subject-block is-layout-flow wp-block-column-is-layout-flow\" style=\"border-radius:10px;padding-top:3%;padding-right:3%;padding-bottom:3%;padding-left:3%;box-shadow:var(--wp--preset--shadow--deep);flex-basis:50%\">\n<div class=\"wp-block-cb-carousel cb-single-slide\" data-slick=\"{&quot;slidesToShow&quot;:1,&quot;slidesToScroll&quot;:1,&quot;speed&quot;:300,&quot;arrows&quot;:true,&quot;dots&quot;:true,&quot;autoplay&quot;:false,&quot;autoplaySpeed&quot;:3000,&quot;infinite&quot;:false,&quot;responsive&quot;:[{&quot;breakpoint&quot;:501,&quot;settings&quot;:{&quot;slidesToShow&quot;:1,&quot;slidesToScroll&quot;:1}}]}\">\n<div class=\"wp-block-cb-slide\">\n<figure class=\"wp-block-image alignleft size-full is-resized is-style-rounded is-style-rounded--11\"><img loading=\"lazy\" decoding=\"async\" width=\"1100\" height=\"825\" src=\"https:\/\/joinme.se\/wp-content\/uploads\/2024\/10\/b032b3a2-3cc4-4f50-8b17-e1d0c51c031b-1.png\" alt=\"\" class=\"wp-image-18\" style=\"box-shadow:none;object-fit:cover;width:524px;height:auto\"\/><\/figure>\n<\/div>\n\n\n\n<div class=\"wp-block-cb-slide\">\n<figure class=\"wp-block-image size-full is-style-rounded is-style-rounded--12\"><img loading=\"lazy\" decoding=\"async\" width=\"1928\" height=\"2560\" src=\"https:\/\/joinme.se\/wp-content\/uploads\/2025\/10\/PXL_20251015_091040629-scaled.jpg\" alt=\"\" class=\"wp-image-662\" style=\"aspect-ratio:4\/3;object-fit:cover\" srcset=\"https:\/\/joinme.se\/wp-content\/uploads\/2025\/10\/PXL_20251015_091040629-scaled.jpg 1928w, https:\/\/joinme.se\/wp-content\/uploads\/2025\/10\/PXL_20251015_091040629-226x300.jpg 226w, https:\/\/joinme.se\/wp-content\/uploads\/2025\/10\/PXL_20251015_091040629-771x1024.jpg 771w, https:\/\/joinme.se\/wp-content\/uploads\/2025\/10\/PXL_20251015_091040629-768x1020.jpg 768w, https:\/\/joinme.se\/wp-content\/uploads\/2025\/10\/PXL_20251015_091040629-1157x1536.jpg 1157w, https:\/\/joinme.se\/wp-content\/uploads\/2025\/10\/PXL_20251015_091040629-1542x2048.jpg 1542w\" sizes=\"auto, (max-width: 1928px) 100vw, 1928px\" \/><\/figure>\n<\/div>\n\n\n\n<div class=\"wp-block-cb-slide\">\n<figure class=\"wp-block-image size-full is-style-rounded is-style-rounded--13\"><img loading=\"lazy\" decoding=\"async\" width=\"1928\" height=\"2560\" src=\"https:\/\/joinme.se\/wp-content\/uploads\/2025\/10\/PXL_20251015_081329747-scaled.jpg\" alt=\"\" class=\"wp-image-659\" style=\"aspect-ratio:4\/3;object-fit:cover\" srcset=\"https:\/\/joinme.se\/wp-content\/uploads\/2025\/10\/PXL_20251015_081329747-scaled.jpg 1928w, https:\/\/joinme.se\/wp-content\/uploads\/2025\/10\/PXL_20251015_081329747-226x300.jpg 226w, https:\/\/joinme.se\/wp-content\/uploads\/2025\/10\/PXL_20251015_081329747-771x1024.jpg 771w, https:\/\/joinme.se\/wp-content\/uploads\/2025\/10\/PXL_20251015_081329747-768x1020.jpg 768w, https:\/\/joinme.se\/wp-content\/uploads\/2025\/10\/PXL_20251015_081329747-1157x1536.jpg 1157w, https:\/\/joinme.se\/wp-content\/uploads\/2025\/10\/PXL_20251015_081329747-1542x2048.jpg 1542w\" sizes=\"auto, (max-width: 1928px) 100vw, 1928px\" \/><\/figure>\n<\/div>\n\n\n\n<div class=\"wp-block-cb-slide\">\n<figure class=\"wp-block-image size-full is-style-rounded is-style-rounded--14\"><img loading=\"lazy\" decoding=\"async\" width=\"1928\" height=\"2560\" src=\"https:\/\/joinme.se\/wp-content\/uploads\/2025\/10\/PXL_20251015_081238414-scaled.jpg\" alt=\"\" class=\"wp-image-658\" style=\"aspect-ratio:4\/3;object-fit:cover\" srcset=\"https:\/\/joinme.se\/wp-content\/uploads\/2025\/10\/PXL_20251015_081238414-scaled.jpg 1928w, https:\/\/joinme.se\/wp-content\/uploads\/2025\/10\/PXL_20251015_081238414-226x300.jpg 226w, https:\/\/joinme.se\/wp-content\/uploads\/2025\/10\/PXL_20251015_081238414-771x1024.jpg 771w, https:\/\/joinme.se\/wp-content\/uploads\/2025\/10\/PXL_20251015_081238414-768x1020.jpg 768w, https:\/\/joinme.se\/wp-content\/uploads\/2025\/10\/PXL_20251015_081238414-1157x1536.jpg 1157w, https:\/\/joinme.se\/wp-content\/uploads\/2025\/10\/PXL_20251015_081238414-1542x2048.jpg 1542w\" sizes=\"auto, (max-width: 1928px) 100vw, 1928px\" \/><\/figure>\n<\/div>\n\n\n\n<div class=\"wp-block-cb-slide\">\n<figure class=\"wp-block-image size-full is-style-rounded is-style-rounded--15\"><img loading=\"lazy\" decoding=\"async\" width=\"1928\" height=\"2560\" src=\"https:\/\/joinme.se\/wp-content\/uploads\/2025\/10\/PXL_20251015_081618617-scaled.jpg\" alt=\"\" class=\"wp-image-660\" style=\"aspect-ratio:4\/3;object-fit:cover\" srcset=\"https:\/\/joinme.se\/wp-content\/uploads\/2025\/10\/PXL_20251015_081618617-scaled.jpg 1928w, https:\/\/joinme.se\/wp-content\/uploads\/2025\/10\/PXL_20251015_081618617-226x300.jpg 226w, https:\/\/joinme.se\/wp-content\/uploads\/2025\/10\/PXL_20251015_081618617-771x1024.jpg 771w, https:\/\/joinme.se\/wp-content\/uploads\/2025\/10\/PXL_20251015_081618617-768x1020.jpg 768w, https:\/\/joinme.se\/wp-content\/uploads\/2025\/10\/PXL_20251015_081618617-1157x1536.jpg 1157w, https:\/\/joinme.se\/wp-content\/uploads\/2025\/10\/PXL_20251015_081618617-1542x2048.jpg 1542w\" sizes=\"auto, (max-width: 1928px) 100vw, 1928px\" \/><\/figure>\n<\/div>\n<\/div>\n\n\n\n<ul class=\"wp-block-list\">\n<li><strong>Tv\u00e4tthall<\/strong><\/li>\n\n\n\n<li>212m<sup>2<\/sup><\/li>\n\n\n\n<li>Kontor 28m<sup>2<\/sup><\/li>\n\n\n\n<li>Kundentr\u00e9 25m<sup>2<\/sup><\/li>\n\n\n\n<li>Ventilation<\/li>\n\n\n\n<li>Toalett<\/li>\n<\/ul>\n<\/div>\n<\/div>\n\n\n\n<p class=\"has-text-color has-link-color has-system-serif-font-family has-large-font-size wp-elements-6b06b8f3df2f6fd99f03de90a5d39459\" style=\"color:#000000;padding-top:3%;padding-bottom:3%\"><strong>F\u00f6r fler lediga lokaler bes\u00f6k <a href=\"http:\/\/ihotell.se\" target=\"_blank\" rel=\"noreferrer noopener\">Laholms industrihotell<\/a> <\/strong><\/p>\n\n\n\n<div class=\"wp-block-cover alignfull has-parallax\" style=\"min-height:60vh;aspect-ratio:unset;\"><div class=\"wp-block-cover__image-background wp-image-213 has-parallax\" style=\"background-position:50% 50%;background-image:url(https:\/\/joinme.se\/wp-content\/uploads\/2025\/01\/Logga-CNC-1.png)\"><\/div><span aria-hidden=\"true\" class=\"wp-block-cover__background has-contrast-background-color has-background-dim\"><\/span><div class=\"wp-block-cover__inner-container has-global-padding is-layout-constrained wp-block-cover-is-layout-constrained\">\n<p class=\"has-text-align-center has-large-font-size\"><\/p>\n\n\n\n<div class=\"wp-block-columns alignfull is-layout-flex wp-container-core-columns-is-layout-743f5ab0 wp-block-columns-is-layout-flex\" style=\"padding-right:15%;padding-left:15%\">\n<div class=\"wp-block-column is-layout-flow wp-block-column-is-layout-flow\" style=\"border-width:1px;border-radius:10px;padding-top:2%;padding-right:3%;padding-bottom:2%;padding-left:3%;box-shadow:none\">\n<p id=\"kontakt\"><strong>Jonas Ottosson<\/strong><\/p>\n\n\n\n<p style=\"padding-bottom:2%\"><strong>F\u00f6r Hyresg\u00e4ster<\/strong><\/p>\n\n\n\n<p id=\"block-a5a9fd15-2dad-4540-b6c2-158f2c33cb29\"><strong>Mobil:<\/strong>&nbsp;070-512 81 42<br><strong>Mail:&nbsp;<\/strong>jonas(at)joinme.se<\/p>\n\n\n\n<p id=\"block-b5a7ea3f-f7ad-4e8c-897e-d720ba5ade47\"><strong>Bes\u00f6ksadress:<\/strong><br>Kullg\u00e5rdsv\u00e4gen 39<br>312 34 Laholm<\/p>\n<\/div>\n\n\n\n<div class=\"wp-block-column is-layout-flow wp-block-column-is-layout-flow\" style=\"border-width:1px;border-radius:10px;padding-top:2%;padding-right:2%;padding-bottom:2%;padding-left:2%\">\n<p id=\"block-b36671e5-6e45-45e9-95d9-95d57b43ac6f\"><strong>Ted Ottosson<\/strong><\/p>\n\n\n\n<p style=\"padding-bottom:2%\"><strong>F\u00f6r Hyresg\u00e4ster<\/strong><\/p>\n\n\n\n<p id=\"block-a5a9fd15-2dad-4540-b6c2-158f2c33cb29\"><strong>Mobil:<\/strong>&nbsp;072-395 82 26<br><strong>Mail:&nbsp;<\/strong>ted(at)joinme.se<\/p>\n\n\n\n<p id=\"block-b5a7ea3f-f7ad-4e8c-897e-d720ba5ade47\"><strong>Bes\u00f6ksadress:<\/strong><br>Kullg\u00e5rdsv\u00e4gen 39<br>312 34 Laholm<\/p>\n<\/div>\n<\/div>\n<\/div><\/div>\n\n\n\n<p><\/p>\n","protected":false},"excerpt":{"rendered":"<p>Fastighetsf\u00f6rvaltning Tveka inte att kontakta mig om oss \u00e4r intresserade av lokal f\u00f6r lager, verkstad, kontor m.m. med bra l\u00e4ge p\u00e5 nyby industriomr\u00e5de i Laholm. JOINME AB har 20140515 f\u00f6rv\u00e4rvat Laholms Industrihotell AB Som ligger p\u00e5 samma gata, Kullsg\u00e5rdsv\u00e4gen 20. Om oss Jag Jonas Ottosson startade JOINME n\u00e4r jag s\u00e5lde lackeringsdelen i Lack Service Laholm [&hellip;]<\/p>\n","protected":false},"author":1,"featured_media":0,"parent":0,"menu_order":0,"comment_status":"closed","ping_status":"closed","template":"","meta":{"footnotes":""},"class_list":["post-6","page","type-page","status-publish","hentry"],"_links":{"self":[{"href":"https:\/\/joinme.se\/index.php?rest_route=\/wp\/v2\/pages\/6","targetHints":{"allow":["GET"]}}],"collection":[{"href":"https:\/\/joinme.se\/index.php?rest_route=\/wp\/v2\/pages"}],"about":[{"href":"https:\/\/joinme.se\/index.php?rest_route=\/wp\/v2\/types\/page"}],"author":[{"embeddable":true,"href":"https:\/\/joinme.se\/index.php?rest_route=\/wp\/v2\/users\/1"}],"replies":[{"embeddable":true,"href":"https:\/\/joinme.se\/index.php?rest_route=%2Fwp%2Fv2%2Fcomments&post=6"}],"version-history":[{"count":5,"href":"https:\/\/joinme.se\/index.php?rest_route=\/wp\/v2\/pages\/6\/revisions"}],"predecessor-version":[{"id":665,"href":"https:\/\/joinme.se\/index.php?rest_route=\/wp\/v2\/pages\/6\/revisions\/665"}],"wp:attachment":[{"href":"https:\/\/joinme.se\/index.php?rest_route=%2Fwp%2Fv2%2Fmedia&parent=6"}],"curies":[{"name":"wp","href":"https:\/\/api.w.org\/{rel}","templated":true}]}}